prime factors of a?
2, 5, 17
Let p(r) = 2*r**2 - 4*r + 7. Let o be p(3). Let k be o + ((-15)/(-3) - 2). Suppose 0 = -y + 2*y - 3*i - k, -113 = -5*y + 4*i. What are the prime factors of y?
5
Suppose -19*v - 236608 + 425953 = -499538. List the prime factors of v.
13, 2789
Let f(u) be the first derivative of 7*u**4/4 + 2*u**3/3 + 3*u**2/2 + 2*u + 39. Let z be f(-1). List the prime factors of 134 - 2*3/z.
3, 5
List the prime factors of (609 - 9 - (-20)/(-1))*858/8.
3, 5, 11, 13, 29
Let z(p) = 35*p**2 - 442*p + 224. List the prime factors of z(38).
2, 11, 193
Let g(i) = i**2 + 1. Let w(p) = -9*p + 37*p**2 - 36*p**2 + 4 + 6. Let q(b) = 2*g(b) - w(b). List the prime factors of q(-15).
2, 41
Suppose 1000 = -2*c + 3*n + 6741, -n + 2868 = c. List the prime factors of c.
19, 151
Let n(s) = -s**3 - 4*s**2 - 4*s - 6. Let a be n(-4). Let i be 6/15 - 2794/a. List the prime factors of i/(-8) - (-4)/32.
5, 7
Suppose 0 = 5*t + y - 108257, -3*t - 37*y + 40*y + 64965 = 0. What are the prime factors of t?
2, 5413
Let h = 100062 + -56949. What are the prime factors of h?
3, 7, 2053
Suppose 12 = -52*r + 48*r. List the prime factors of (-5570)/(-20)*(-6)/r.
557
Let n(a) = 2*a**2 - 9*a - 2. Let i be n(5). List the prime factors of ((-6)/i + 1)*(26 + -1373).
3, 449
Let i = 71 + -41. Suppose 6*d + i = d. Let b(g) = -4*g + 2. What are the prime factors of b(d)?
2, 13
Let p(u) = 30*u**2 - 6*u - 15. Let o be p(-8). Suppose -5*v + o = -587. Suppose 4*f - v = -4*w, -f - 5*w - 64 = -211. What are the prime factors of f?
2, 61
Let h(u) = u + 7. Let d be h(-5). Let m(s) be the second derivative of 21*s**3/2 - 3*s**2 - 2*s - 157. What are the prime factors of m(d)?
2, 3, 5
Let r = -311 + 314. Suppose -1978 = -r*s + 2*j, -5*s - 2*j = 187 - 3489. What are the prime factors of s?
2, 3, 5, 11
Let u(p) = 264*p**3 + 42*p**2 - 230*p + 71. List the prime factors of u(6).
89, 643
Let d = 36007 - 15973. List the prime factors of d.
2, 3, 7, 53
Let x(g) = -15 + 44*g**2 + 6*g + 15 + 14 + 14*g**2. What are the prime factors of x(-3)?
2, 7, 37
Let a = -4 - -85. Let u = -79 + a. Suppose 0*b - b + 545 = 2*f, -u*f + 560 = -4*b. List the prime factors of f.
2, 137
Let z be (4 + -2)*2445/30. Let d = 818 - z. List the prime factors of d.
5, 131
Suppose -4*g + 225431 = -343*i + 340*i, 0 = 5*g - 4*i - 281791. What are the prime factors of g?
37, 1523
Let k(l) = 5*l**2 - 15*l. Let r be (-2 + -12)*10/20. Let t be k(r). List the prime factors of t/10*(7 + 0).
5, 7
Let q(m) = -17*m - 14*m + 22*m + m**2 - 14. Let x be q(10). List the prime factors of 12/(-8) + (-318)/x + 0.
2, 3, 13
Suppose -a - 3*d = 13, -5*a + 0*a + 2*d = -20. Suppose -25 = -5*x, -5*x = -a*r - 8*x + 571. List the prime factors of r.
2, 139
Suppose 0 = u - 4, -30*v + 35*v - 35493 = -2*u. What are the prime factors of v?
47, 151
Let w(q) be the second derivative of -12*q**3 + 39*q**2/2 - 16*q - 2. What are the prime factors of w(-5)?
3, 7, 19
Let m(x) = -88*x + 107. Suppose -14*n - 252 = -0*n. List the prime factors of m(n).
19, 89
Suppose -y + 6532 = 2*y - 8018. List the prime factors of y.
2, 5, 97
Suppose 0 = -87*c + 283*c - 6938008. What are the prime factors of c?
2, 11, 1609
Let x be 1*-243 + 6 + -6. Let l = -220 - x. List the prime factors of l.
23
List the prime factors of ((-118296)/(-60))/(4/10).
3, 31, 53
Suppose v - 3*f = 3167, 11*v - 12*v + 4*f = -3169. List the prime factors of v.
29, 109
Let x = 9959 - 6066. What are the prime factors of x?
17, 229
Suppose -9219 = -6*y + 8817. Suppose -6*j + 204 + y = 0. What are the prime factors of j?
5, 107
Suppose 4*o - 7 = 13. Suppose -4*a = o*f - a + 150, 3*a - 90 = 3*f. Let u = 47 + f. What are the prime factors of u?
17
Let d = 376 - 509. Let g = 222 - d. What are the prime factors of g?
5, 71
Let b(l) = 2*l**3 - 4*l**2 + 7*l - 46. Suppose 0 = 5*s - 3*q - 27, 3*q - 11 = -4*s + 16. What are the prime factors of b(s)?
2, 71
Let t(n) = 2*n - 6. Let m be t(3). Suppose m = -u + 10*u - 18. Suppose 2*o - 3*x = -u*o + 161, 3*x = -2*o + 103. List the prime factors of o.
2, 11
Suppose -4*g + 7*w + 1813 = -0*w, 3*w = 3*g - 1344. What are the prime factors of g?
3, 7
Suppose 94*i + 2*u - 148619 = 89*i, -5*i + 5*u = -148640. List the prime factors of i.
5, 29, 41
Let k(o) be the first derivative of -3*o**2/2 + 62*o + 1105. Let l = 22 + -36. List the prime factors of k(l).
2, 13
Let w(b) be the second derivative of b**4/4 - 13*b**3/6 - 6*b**2 + 30*b. Let t be w(-6). What are the prime factors of t - (-7)/(14/(-8))?
2, 5, 17
Let n(t) = -141*t - 48. Let y be n(-5). Let p = 1278 - y. List the prime factors of p.
3, 23
What are the prime factors of 7 + (-135)/(-15) + 19223?
3, 11, 53
Let g(z) be the second derivative of -55*z**3/6 + 54*z**2 + 28*z. What are the prime factors of g(-6)?
2, 3, 73
Let b = -82 + 91. Let p = 31 - 19. List the prime factors of 3/(p/b - 1).
3
Let b = -188 + 188. Suppose b*l = 5*l - 640. What are the prime factors of l?
2
Let n = 28 - 12. Suppose -16*m + 20*m = n. Suppose -5*i + 155 = m*b, 6 = 3*b - 9. List the prime factors of i.
3
Suppose -295*o + 130680 = -196*o. List the prime factors of o.
2, 3, 5, 11
Suppose 22*h - 32*h - 1528238 = -41*h. List the prime factors of h.
2, 157
Let b = -295 - -359. Suppose -16*l + b = -160. List the prime factors of l.
2, 7
Let t(q) = q**2 + 6*q - 23. Let f be t(-9). Suppose 10*z + 230 = i + 5*z, 0 = -f*i + z + 920. What are the prime factors of i?
2, 5, 23
Suppose -3*s = -17*s - 13174. Let d = s + 2027. List the prime factors of d.
2, 3, 181
Let q(j) = 3*j + 63. Let r be q(-25). List the prime factors of (-3558)/r + (-1)/(-2) + -3.
2, 3, 7
Let m(s) = -19*s**3 + 22*s**2 + 130*s - 8. What are the prime factors of m(-13)?
107, 409
Suppose 42320 = 4*s - 45988. List the prime factors of s.
3, 11, 223
Let c(v) = -11*v - 11. Let k be c(4). Let f = k - -69. Suppose t - 11 = -3*i, -5*t + 3*i = -131 - f. List the prime factors of t.
2, 13
Let m be (-1)/(-2)*(-11 + 29)/9. What are the prime factors of 507 - ((m + 5)/(-3) + 4)?
5, 101
Suppose 4*w = -5*z + 1899, 2*z = 3*w - 0*z - 1453. Suppose 2*d + 3*c = -0*c + w, -4*d = 3*c - 965. List the prime factors of d.
2, 11
Let z = 782 - 1178. Let u = z - -266. Let n = -61 - u. List the prime factors of n.
3, 23
Let g(n) = -147*n + 47. Let h(u) = 26*u - 160. Let l be h(6). What are the prime factors of g(l)?
5, 127
Let y(r) = r**3 - 4*r**2 - 7*r + 5. Let p be y(3). What are the prime factors of ((-3174)/(-30))/((-5)/p)?
23
Let b be -38*(6/6)/(-2). Suppose 0 = b*q - 16*q - 417. List the prime factors of q.
139
Let l = 110045 - 53419. List the prime factors of l.
2, 23, 1231
Suppose 2*j - 20 = -3*n, j - n - 26 = -3*j. Let i be (3 - j - (-19)/4)*24. What are the prime factors of 462/8 + i/72?
2, 29
Suppose 2*r - 8*w - 1 = -9*w, -3*r - 2*w = -1. Suppose -5*f + 302 = -208. What are the prime factors of f*(r + (-1)/3)?
2, 17
Let x be 0/(-9) - (-3)/(-1)*-1. List the prime factors of (11 + -9)/(x/624).
2, 13
Suppose -5*d + 105 = 5*a, -4 - 39 = -2*d - a. List the prime factors of 61275/209 - 4/d.
293
Suppose -4*s - 10 = -6*s. Let q be (-156)/(-117)*(0 + (-9)/(-2)). Suppose 0 = 2*p + s*o - 115, -3*o - 125 = -2*p - q*o. What are the prime factors of p?
2, 5, 7
Let f(j) = 79*j + 100. Let d(r) = -r**3 - 14*r**2 - 19*r - 70. Let s be d(-13). What are the prime factors of f(s)?
2, 3, 61
Let g be -1*0/2 + 2 + 93. Suppose -10 = -5*x, -2*r + x - g = -3*r. Suppose -k = -52 - r. What are the prime factors of k?
5, 29
Let l(w) = 2*w**2 + 16*w + 48. Let q be l(-24). Let p = 2600 - q. List the prime factors of p.
2, 223
Let y = 450 + -473. Let m(n) = -24*n + 204. List the prime factors of m(y).
2, 3, 7
Suppose -133*m = -162*m - 406*m + 27882195. What are the prime factors of m?
11, 5827
What are the prime factors of 1220910/40*((-264)/(-18))/11?
40697
Let h = 161 + 7427. List the prime factors of h.
2, 7, 271
Suppose 0 = 7*y - 12*y + 2*k + 2831, -2*y - k + 1136 = 0. Let t = y - 248. What are the prime factors of t?
11, 29
Suppose -5*r = -43*r + 30*r + 213320. What are the prime factors of r?
5, 5333
Let p(c) = -12 - 2*c**2 + 11 + 3 + 18*c + 4*c**2. Let w be p(-9). What are the prime factors of (-4 + 5)/(w/178)?
89
Suppose -3*o + 140400 = -3*j, -4*o = 137*j - 135*j - 187224. What are the prime factors of o?
2, 11701
Let w(s) = 